(4 + 1) is divided by 22.
19
What is the remainder when 58656/14 + 880/(-704)*(-8)/35 is divided by 698?
2
Suppose 0 = -37*p + 44*p + 1911. Let q = 285 + p. What is the remainder when 347 is divided by q?
11
Let y(i) = i + 88. Let f(o) = 9*o + 128. Let u be f(-12). Suppose -3*q - d + 17 = -51, 2*d - 26 = -q. What is the remainder when y(u) is divided by q?
20
Suppose 3 = 2*i - k - 9, 0 = -2*i + 4*k + 24. Let r(j) = 3*j**2 + 2*j - 3. Let g be r(-3). Suppose 3*a = a + g. Calculate the remainder when a is divided by i.
1
Let k = -1 - -138. Let w = -90 + k. What is the remainder when w is divided by 10 - 7 - ((-3 - -1) + 0)?
2
Suppose 3*t - 4*c - 34 = 0, 3*c = 4*t + 3 - 39. Suppose 0 = 19*x - t*x - 273. What is the remainder when 250 is divided by x?
19
Suppose -4*p + 6*q = q + 20, -16 = 2*p - 4*q. Suppose -156 = 2*k - p*k. Let o = -59 - k. What is the remainder when o is divided by 11?
8
Suppose -l = -8 + 12. Let i(m) = -m**3 - 5*m**2 - 7*m - 10. Let v be i(l). Calculate the remainder when (0 - v)*(-94)/4 is divided by 16.
15
Let w(d) = -30*d + 2793. Calculate the remainder when w(30) is divided by 5.
3
Suppose 3456 = -38*v + 26*v. Let x = 407 + v. What is the remainder when x is divided by 35?
14
Let r = 1739 - 1646. Calculate the remainder when 374 is divided by r.
2
Let z be (-90)/165*(-11 + 0). Suppose -z*c + 39 = -9. Calculate the remainder when 68 is divided by c.
4
Let c(h) = -3*h + 17. Let a be c(6). Let o be (a/(-1))/(1/(-76)). What is the remainder when 77 is divided by (-17)/(-51) - o/6?
12
Suppose 30 = 3*w + 3*o, w + 2*o + 8 = 17. What is the remainder when w is divided by -1*(-76)/12 - 1/3?
5
Calculate the remainder when (-1)/4*1*494880/(-120) is divided by 33.
8
Let q(w) = 2*w**2 - 32*w + 8. Let h be q(16). Suppose h*v - 11*v + 66 = 0. Calculate the remainder when 87 is divided by v.
21
Let k(g) = 10*g - 90. Let t be k(10). Let q(n) = n**2 + 5*n - 44. What is the remainder when q(t) is divided by 29?
19
Let n = -57 + 25. Let s = n - -36. Suppose 28 = s*h + 2*w, -h + 4 = -w - 6. Calculate the remainder when 13 is divided by h.
5
Suppose -5*t = 2*q - 1 + 2, -q - 4*t = 5. Let s(k) be the third derivative of -k**6/120 + k**5/10 - 31*k**2. Calculate the remainder when s(4) is divided by q.
4
Let y = -922 + 1207. Calculate the remainder when 880 is divided by y.
25
Let c(p) = 3*p + 6. Let m = -373 + 349. What is the remainder when c(6) is divided by ((-24)/9)/(16/m)?
0
Suppose -4*k - 3*p + 1070 = 0, 2*k - 3*k + 268 = p. Suppose 24*i = 10*i + k. What is the remainder when i is divided by 14?
5
Suppose -708 + 23 = -22*l + 19. What is the remainder when 997 is divided by l?
5
Let q = -541 + 550. Let u(p) = -31*p + 1. Calculate the remainder when u(-3) is divided by q.
4
Suppose -11*w + 2*w = -3*w - 396. What is the remainder when 1443 is divided by w?
57
Suppose -3*i - 2*i + 1535 = 0. Calculate the remainder when i is divided by -7 + 24 + (-55)/5 - 1.
2
Suppose -4*d + 265 + 303 = 0. Let p = 39715 - 39690. Calculate the remainder when d is divided by p.
17
Let l = -318 + 320. Suppose 0 = -l*x + 60 - 36. What is the remainder when x is divided by 10?
2
Calculate the remainder when 3854 is divided by ((-19)/(-4))/((17/340*70)/14).
16
Let l(z) = 6*z**2 + 52*z + 52. What is the remainder when 253 is divided by l(-1)?
1
Suppose 3225 - 975 = 27*y - 1665. Calculate the remainder when 7684 is divided by y.
144
Let n be (-2)/3*9/(-6). Let a = n + 16. Suppose 0 = -x - 5*f + 68, 244*x + 3*f = 249*x - 144. What is the remainder when x is divided by a?
16
Let w = 1093 - -895. What is the remainder when w is divided by 23?
10
Let v(h) = 149*h**2 + h. Let q be v(1). Calculate the remainder when (200/q)/((-4)/(-255)) is divided by 49.
36
Suppose h - 12 = 3*h - 5*j, -h + 2*j = 4. Let i(k) = 2*k**3 + 3*k + 9. Let v be i(h). Suppose 8*z - v - 139 = 0. What is the remainder when z is divided by 19?
17
Suppose -18*t + 3133 = 1. What is the remainder when 342 is divided by t?
168
Suppose -5*b + 13*y = -116, -9*b + 5*y + 30 = -10*b. What is the remainder when 295 is divided by b?
0
Let c(o) = o + 9. Let w = 141 - 141. Suppose 259*j - 253*j - 156 = w. Calculate the remainder when j is divided by c(0).
8
Let b = -12 - -18. Let r(k) be the second derivative of -k**5/20 - k**4/3 - 2*k**3/3 - 2*k**2 + 57*k + 2. What is the remainder when r(-4) is divided by b?
0
Suppose 2*b - 4 - 4 = 0. Suppose 5 = 3*t - 5*m, 0 = -b*t + m + 6 + 12. Suppose -t*j + r = -3*r - 154, 29 = j + r. What is the remainder when 86 is divided by j?
26
Let f = 1377 - 1289. Let b(h) = h**2 - 1. Let m(l) = 2*l**2 - 8*l - 7. Let r(y) = b(y) - m(y). What is the remainder when f is divided by r(7)?
10
Suppose -5*f - 158 = -573. Suppose -154 = -3*m + 2*v + 3, -2*m + f = 3*v. What is the remainder when 391 is divided by m?
48
Let p = -5749 - -6077. Calculate the remainder when p is divided by 171.
157
Suppose 382 - 327 = -22*p + 363. What is the remainder when -3 - (-2 + (-51 - 2)) is divided by p?
10
Let r(x) = -2*x**2 + x. Let v(q) = -q**3 - 7*q**2 + 21*q + 1. Let o(k) = -6*r(k) + v(k). What is the remainder when o(6) is divided by 9?
1
Let m(n) = 2*n - 12. Let k(f) be the first derivative of -f**3/3 - 15*f**2/2 + 32*f + 21. Calculate the remainder when k(-14) is divided by m(14).
14
Let c(b) = -b**3 - 34*b**2 - 99*b - 19. Let i(l) = -23*l**2 - 6*l - 2. Let t be i(1). What is the remainder when c(t) is divided by 43?
38
Suppose 11*d - 90 = 12 + 19. What is the remainder when 307 is divided by d?
10
Let a = -87 - -131. Suppose -15 = u + 5*f, -5*u - 187 = -0*u - 3*f. Let c = u + a. Calculate the remainder when 11 is divided by c.
2
Suppose 2*i = v + 117, 300 = 16*i - 11*i - 5*v. What is the remainder when i is divided by 222/9 + 2/(-3)?
9
Suppose 0 = -3*d + i + 139, -2*i = -d - 6 + 44. Let f be (5/(75/(-72)))/(6/(-165)). Let g = f - -9. What is the remainder when g is divided by d?
45
Let a = 13582 - 13550. Calculate the remainder when a is divided by 4/(-12)*(-34 + 1).
10
Suppose -c - 880 = -2*t, 496*t - 495*t = -2*c + 450. Calculate the remainder when t is divided by 19.
5
Let r be 5/((-5)/(-2)) + -4 - -1. Let y be 73 - (-4 - (r - 0)). Let t = -73 + y. Calculate the remainder when 21 is divided by t.
0
Let f(w) = 4*w**2 + 602*w - 3040. Let r(v) = 22*v**2 - v. What is the remainder when f(5) is divided by r(1)?
7
Let w = 6960 - 6955. Let b = -20 + 42. What is the remainder when b is divided by w?
2
Suppose -2*y - 2 = -4*y. Let a be (-3 - y)*((-4)/2 + 1). Suppose 368 = 4*g + 2*f - 6*f, -a*f = -g + 86. What is the remainder when g is divided by 8?
6
Let x(u) = 3*u**3 + u. Let g(v) = 2*v**2 - 11*v - 4. Let l be g(6). Let m be x(l). Suppose -23*a = -m*a + 42. What is the remainder when 55 is divided by a?
13
Suppose 5*g - 4*u - 131 = -58, -5*u - 35 = 0. Calculate the remainder when 11896 is divided by g.
7
Let m(f) = 3*f**2 - 291*f + 2623. Let k = 129 + -14. What is the remainder when k is divided by m(87)?
11
Let k(q) = 6*q**2 - 3*q - 5. Suppose -2*h = 2*v - 453 + 415, 0 = h + 3*v - 27. Calculate the remainder when k(-4) is divided by h.
13
Let s be -97*((0 - -4) + -5). Suppose -2*z = -s - 131. Calculate the remainder when z is divided by 9.
6
Suppose 403*m - 15 = 400*m. What is the remainder when -1*m*(-9 + 70/(-7)) is divided by 37?
21
Suppose 5*u - 50 = -5*p, 4*u + p - 43 = -4*p. Let x(l) = 4*l**2 - 23*l + 2. Let b(q) = 7*q**2 + 5*q - 5. Calculate the remainder when b(-5) is divided by x(u).
34
Suppose -39*r + 1249 = -155. Calculate the remainder when 144 is divided by r.
0
Let a(r) = r**3 - 58*r**2 + 132. Calculate the remainder when 395 is divided by a(58).
131
Let y = 195 - 193. Suppose -4*s + 4*d + 13 = -11, -3*s - y*d + 23 = 0. What is the remainder when 10 is divided by s?
3
Let g(s) = 2*s**2 + 293*s + 868. Calculate the remainder when (14/(-8))/((-2)/16) is divided by g(-3).
0
Let j(c) = 24*c**3 - 2*c + 1. Suppose -3*o + 368 = 5*o. Suppose -q + o = -k, -5*q - k + 56 = -156. Calculate the remainder when q is divided by j(1).
20
Let s be 14 + -11 - (-70)/(-2). What is the remainder when (58/(-3))/(10/(-15)) is divided by s/(-6)*(-12)/(-8)?
5
Let y = 22587 - 22478. What is the remainder when y is divided by 21?
4
Let m(b) = b**3 - 35*b**2 - b + 30. Let q be m(35). Let u(t) = -19*t - 80. Calculate